-- https://www.phpmyadmin.net/
--

START TRANSACTION;



--
-- Database: `yrdsb11w3creativ_unionville-main`
--

-- --------------------------------------------------------

--
-- Table structure for table `a_test`
--

CREATE TABLE `a_test` (
  `id` int(10) NOT NULL,
  `calendar_id` text,
  `nid` int(20) DEFAULT NULL,
  `title` varchar(600) NOT NULL,
  `body` varchar(5000) DEFAULT NULL,
  `field_contact` varchar(1000) DEFAULT NULL,
  `field_event` varchar(1000) DEFAULT NULL,
  `field_google_event_uuid` varchar(1000) DEFAULT NULL,
  `field_location` varchar(1000) DEFAULT NULL,
  `field_remote_video_images` varchar(1000) DEFAULT NULL,
  `field_price` varchar(1000) DEFAULT NULL,
  `field_public` varchar(1000) DEFAULT NULL,
  `field_room` varchar(1000) DEFAULT NULL,
  `field_seats_available` varchar(1000) DEFAULT NULL,
  `field_tag` varchar(1000) DEFAULT NULL,
  `field_image_hero` varchar(1000) DEFAULT NULL,
  `field_start_time_date_end_time_d` varchar(1000) DEFAULT NULL,
  `start_date` timestamp NULL DEFAULT NULL,
  `end_date` timestamp NULL DEFAULT NULL,
  `calendar_name` varchar(255) DEFAULT NULL
) ENGINE=InnoDB DEFAULT CHARSET=latin1;

--
-- Dumping data for table `a_test`
--

INSERT INTO `a_test` (`id`, `calendar_id`, `nid`, `title`, `body`, `field_contact`, `field_event`, `field_google_event_uuid`, `field_location`, `field_remote_video_images`, `field_price`, `field_public`, `field_room`, `field_seats_available`, `field_tag`, `field_image_hero`, `field_start_time_date_end_time_d`, `start_date`, `end_date`, `calendar_name`) VALUES
(3505, '1', NULL, 'Victoria Day', NULL, NULL, NULL, '_8d9lcgrfdpr6asjk61j3gc1jcoqjac9gccp66cb36ph64cr66or32p9l70o68e9g6co0', NULL, NULL, NULL, NULL, NULL, NULL, NULL, NULL, '2019-05-20', '2019-05-20 00:00:00', '2019-05-21 00:00:00', 'Elementary Calendar'),
(3506, '1', NULL, 'First Day of Classes', NULL, NULL, NULL, '_8d9lcgrfdpr6asjk64sm2e9m74o6cp35cgoj6e1pccsm6e1n6tj3ephmcphj4cpg6ph0', NULL, NULL, NULL, NULL, NULL, NULL, NULL, NULL, '2018-09-04', '2018-09-04 00:00:00', '2018-09-05 00:00:00', 'Elementary Calendar'),
(3507, '1', NULL, 'Good Friday', NULL, NULL, NULL, '_8d9lcgrfdpr6asjk65gj6p9pchim4e1h6cs3aphjcpi68e1i75i68d1m75ij0e9k68og', NULL, NULL, NULL, NULL, NULL, NULL, NULL, NULL, '2019-04-19', '2019-04-19 00:00:00', '2019-04-20 00:00:00', 'Elementary Calendar'),
(3508, '1', NULL, 'PA Day', NULL, NULL, NULL, '_8d9lcgrfdpr6asjk6gqjad9nccp30oj1cgsmao9h6pj36d356tj68dplc9ij6dpmc9hg', NULL, NULL, NULL, NULL, NULL, NULL, NULL, NULL, '2019-06-28', '2019-06-28 00:00:00', '2019-06-29 00:00:00', 'Elementary Calendar'),
(3509, '1', NULL, 'PA Day', NULL, NULL, NULL, '_8d9lcgrfdpr6asjk6gs6cohicgqm4c9o6gsj8cj5cgo36opicoo62d9oc4pjid1ichgg', NULL, NULL, NULL, NULL, NULL, NULL, NULL, NULL, '2018-10-22', '2018-10-22 00:00:00', '2018-10-23 00:00:00', 'Elementary Calendar'),
(3510, '1', NULL, 'Family Day', NULL, NULL, NULL, '_8d9lcgrfdpr6asjk6osm2or56cs32c33cko3ed1h70pm6phj70sjeopp6ks3ae3171i0', NULL, NULL, NULL, NULL, NULL, NULL, NULL, NULL, '2019-02-18', '2019-02-18 00:00:00', '2019-02-19 00:00:00', 'Elementary Calendar'),
(3511, '1', NULL, 'Labour Day', NULL, NULL, NULL, '_8d9lcgrfdpr6asjk6thm6c9i6srmadpi6gqj0p9gccsj2eb6cgo6ae1jclj6ceb36kr0', NULL, NULL, NULL, NULL, NULL, NULL, NULL, NULL, '2018-09-03', '2018-09-03 00:00:00', '2018-09-04 00:00:00', 'Elementary Calendar'),
(3512, '1', NULL, 'Thanksgiving Day', NULL, NULL, NULL, '_8d9lcgrfdpr6asjk74rj8o9m6kpm8ohkccrmcd9k74o30o9jc4s32d9mcphj4cpj6pi0', NULL, NULL, NULL, NULL, NULL, NULL, NULL, NULL, '2018-10-08', '2018-10-08 00:00:00', '2018-10-09 00:00:00', 'Elementary Calendar'),
(3513, '1', NULL, 'Easter Monday', NULL, NULL, NULL, '_8d9lcgrfdpr6asjkc8qj6p9jccs62chgcpgj0e1m6gq30o9pc5j30oho6ti36dr26srg', NULL, NULL, NULL, NULL, NULL, NULL, NULL, NULL, '2019-04-22', '2019-04-22 00:00:00', '2019-04-23 00:00:00', 'Elementary Calendar'),
(3514, '1', NULL, 'PA Day', NULL, NULL, NULL, '_8d9lcgrfdpr6asjkcdi3ae1l60rm6p9l6sq66dpg75hjcdj5c4r64o9hc9h30e3360s0', NULL, NULL, NULL, NULL, NULL, NULL, NULL, NULL, '2019-01-18', '2019-01-18 00:00:00', '2019-01-19 00:00:00', 'Elementary Calendar'),
(3515, '1', NULL, 'PA Day', NULL, NULL, NULL, '_8d9lcgrfdpr6asjkcdi6cdhp70ojgpho74p3ad1j68o3ic336ti34or4ckq38cj3cks0', NULL, NULL, NULL, NULL, NULL, NULL, NULL, NULL, '2018-11-23', '2018-11-23 00:00:00', '2018-11-24 00:00:00', 'Elementary Calendar'),
(3516, '1', NULL, 'PA Day', NULL, NULL, NULL, '_8d9lcgrfdpr6asjkchi68dhp61h3achpc9j3ep9i70o30ob36os64phmcdh3cc1l6pig', NULL, NULL, NULL, NULL, NULL, NULL, NULL, NULL, '2019-02-01', '2019-02-01 00:00:00', '2019-02-02 00:00:00', 'Elementary Calendar'),
(3517, '1', NULL, 'PA Day', NULL, NULL, NULL, '_8d9lcgrfdpr6asjkchj32d9kcdi3eopk6sqm2eb66hijiphg6lijaphi68ojic9g68s0', NULL, NULL, NULL, NULL, NULL, NULL, NULL, NULL, '2018-09-24', '2018-09-24 00:00:00', '2018-09-25 00:00:00', 'Elementary Calendar'),
(3518, '1', NULL, 'Last Day of Classes', NULL, NULL, NULL, '_8d9lcgrfdpr6asjkcoq6cohm6limccb5c4q30e9nc8pj2or364rjecpo6tij2pj460q0', NULL, NULL, NULL, NULL, NULL, NULL, NULL, NULL, '2019-06-27', '2019-06-27 00:00:00', '2019-06-28 00:00:00', 'Elementary Calendar'),
(3519, '1', NULL, 'PA Day', NULL, NULL, NULL, '_8d9lcgrfdpr6asjkcosj0e1icgp6ae1h6tgjae9jc4p6cd9n64p32d336spm6phi74q0', NULL, NULL, NULL, NULL, NULL, NULL, NULL, NULL, '2019-06-03', '2019-06-03 00:00:00', '2019-06-04 00:00:00', 'Elementary Calendar'),
(3520, '1', NULL, 'Christmas/Winter Break', NULL, NULL, NULL, '_8d9lcgrfdpr6asjk68s34cj561gm6p1iccpj2dhh6gqm2d356oq3aphj75i66c1k68rg', NULL, NULL, NULL, NULL, NULL, NULL, NULL, NULL, '2018-12-24', '2018-12-24 00:00:00', '2019-01-05 00:00:00', 'Elementary Calendar'),
(3521, '1', NULL, 'Mid-Winter Break', NULL, NULL, NULL, '_8d9lcgrfdpr6asjkccrj2c1o6ssm2or2c8r68cr56cp32d346pim6c9m61j3acb56oog', NULL, NULL, NULL, NULL, NULL, NULL, NULL, NULL, '2019-03-11', '2019-03-11 00:00:00', '2019-03-16 00:00:00', 'Elementary Calendar'),
(3522, '1', NULL, 'Last Day of Classes (Early Release)', NULL, NULL, NULL, '_8d9lcgrfdpr6asjk61j3ic3664pjipj161hm8pj4c4oj0dho64p36cj169gmac1j6gr0', NULL, NULL, NULL, NULL, NULL, NULL, NULL, NULL, '2020-06-25', '2020-06-25 00:00:00', '2020-06-26 00:00:00', 'Elementary Calendar'),
(3523, '1', NULL, 'Good Friday', NULL, NULL, NULL, '_8d9lcgrfdpr6asjk64qjee3569gjccj5chim4p9o64sj4cpmccs3adj668rj8dhp6crg', NULL, NULL, NULL, NULL, NULL, NULL, NULL, NULL, '2020-04-10', '2020-04-10 00:00:00', '2020-04-11 00:00:00', 'Elementary Calendar'),
(3524, '1', NULL, 'PA Day', NULL, NULL, NULL, '_8d9lcgrfdpr6asjk64qjgcb5c8rjcohp65j64o9h6hh3echp6li3ao9j6co62c9gcpgg', NULL, NULL, NULL, NULL, NULL, NULL, NULL, NULL, '2020-06-01', '2020-06-01 00:00:00', '2020-06-02 00:00:00', 'Elementary Calendar'),
(3525, '1', NULL, 'PA Day', NULL, NULL, NULL, '_8d9lcgrfdpr6asjk6gq6acph6ko64db1c5j64chh6pj3ioj6cdim6p1gc4r62p9jcdi0', NULL, NULL, NULL, NULL, NULL, NULL, NULL, NULL, '2019-11-15', '2019-11-15 00:00:00', '2019-11-16 00:00:00', 'Elementary Calendar'),
(3526, '1', NULL, 'PA Day', NULL, NULL, NULL, '_8d9lcgrfdpr6asjk6gqm6phl64q6cpj3c5hjid9k64smad32ckq30dhm65j3cd9n6pj0', NULL, NULL, NULL, NULL, NULL, NULL, NULL, NULL, '2020-01-31', '2020-01-31 00:00:00', '2020-02-01 00:00:00', 'Elementary Calendar'),
(3527, '1', NULL, 'First Day of Classes', NULL, NULL, NULL, '_8d9lcgrfdpr6asjk6gs66dj5c9i66ohmcgp36p316ssj6eb671h38ob1copj2chk6lh0', NULL, NULL, NULL, NULL, NULL, NULL, NULL, NULL, '2019-09-03', '2019-09-03 00:00:00', '2019-09-04 00:00:00', 'Elementary Calendar'),
(3528, '1', NULL, 'PA Day', NULL, NULL, NULL, '_8d9lcgrfdpr6asjk6himcc1pc4p38cpk6co38phh6li6ccpi65imcdpj6gojecb664p0', NULL, NULL, NULL, NULL, NULL, NULL, NULL, NULL, '2020-06-26', '2020-06-26 00:00:00', '2020-06-27 00:00:00', 'Elementary Calendar'),
(3529, '1', NULL, 'Labour Day', NULL, NULL, NULL, '_8d9lcgrfdpr6asjk71h3ge1gcdhj2cb46ti6aoj5cgs6cchn6sr64e9mcos3adpk6gr0', NULL, NULL, NULL, NULL, NULL, NULL, NULL, NULL, '2019-09-02', '2019-09-02 00:00:00', '2019-09-03 00:00:00', 'Elementary Calendar'),
(3530, '1', NULL, 'Thanksgiving Day', NULL, NULL, NULL, '_8d9lcgrfdpr6asjkc5hjedr5cpgj2p1m71gjeo9l65hm6pb26hj3ad9j74qmad1p6dgg', NULL, NULL, NULL, NULL, NULL, NULL, NULL, NULL, '2019-10-14', '2019-10-14 00:00:00', '2019-10-15 00:00:00', 'Elementary Calendar'),
(3531, '1', NULL, 'Victoria Day', NULL, NULL, NULL, '_8d9lcgrfdpr6asjkc8pj0chlcgqjcoj274rjadj270pm8e9k6kp3ie1h74r68e9p6srg', NULL, NULL, NULL, NULL, NULL, NULL, NULL, NULL, '2020-05-18', '2020-05-18 00:00:00', '2020-05-19 00:00:00', 'Elementary Calendar'),
(3532, '1', NULL, 'PA Day', NULL, NULL, NULL, '_8d9lcgrfdpr6asjkc9h6ac1n6kr3cd1gccrmco9p74pmcdhj6hhjcp1gchhj4e1o68og', NULL, NULL, NULL, NULL, NULL, NULL, NULL, NULL, '2020-01-17', '2020-01-17 00:00:00', '2020-01-18 00:00:00', 'Elementary Calendar'),
(3533, '1', NULL, 'PA Day', NULL, NULL, NULL, '_8d9lcgrfdpr6asjkcop64p1hcoom4dhl6sr68ob268oj4cj16dj3ep9ocos66p9m60o0', NULL, NULL, NULL, NULL, NULL, NULL, NULL, NULL, '2019-10-21', '2019-10-21 00:00:00', '2019-10-22 00:00:00', 'Elementary Calendar'),
(3534, '1', NULL, 'Easter Monday', NULL, NULL, NULL, '_8d9lcgrfdpr6asjkcor32p1i6pim4dr364ojee9i6sqj2ohl74p62ohn6hhjeo9lc4r0', NULL, NULL, NULL, NULL, NULL, NULL, NULL, NULL, '2020-04-13', '2020-04-13 00:00:00', '2020-04-14 00:00:00', 'Elementary Calendar'),
(3535, '1', NULL, 'Family Day', NULL, NULL, NULL, '_8d9lcgrfdpr6asjkcorj2chm6cq38d9p70r62e9ncgo66d9nc4o3ad9p61gmcp1m6oo0', NULL, NULL, NULL, NULL, NULL, NULL, NULL, NULL, '2020-02-17', '2020-02-17 00:00:00', '2020-02-18 00:00:00', 'Elementary Calendar'),
(3536, '1', NULL, 'Winter Break', NULL, NULL, NULL, '_8d9lcgrfdpr6asjk74p3icj46csj8e1j60o36e3674pj2opo6cqj8c9n6lh3ipb16sr0', NULL, NULL, NULL, NULL, NULL, NULL, NULL, NULL, '2019-12-23', '2019-12-23 00:00:00', '2020-01-04 00:00:00', 'Elementary Calendar'),
(3537, '1', NULL, 'Mid-Winter Break', NULL, NULL, NULL, '_8d9lcgrfdpr6asjk74rjgohkcphm4d1g70s34p9h68p68dj668o3ac1g60rm8e9l6dh0', NULL, NULL, NULL, NULL, NULL, NULL, NULL, NULL, '2020-03-16', '2020-03-16 00:00:00', '2020-03-21 00:00:00', 'Elementary Calendar'),
(3538, '1', NULL, 'PA Day', 'Agenda: \nhttp://www.yrdsb.ca/schools/Documents/PA-Day-Agenda/2019-09-23-PA-Day-Agenda.pdf', NULL, NULL, '_8d9lcgrfdpr6asjk6crjacr66kpj4p3574qmae1lcgpmae1pcdij2e9n71gjachn6kr0', NULL, NULL, NULL, NULL, NULL, NULL, NULL, NULL, '2019-09-23', '2019-09-23 00:00:00', '2019-09-24 00:00:00', 'Elementary Calendar'),
(3539, '1', NULL, 'Labour Day', NULL, NULL, NULL, '_8d9lcgrfdpr6asjk68qjgeb670q30p1ic9ijgc33ccq36oj56osj8p9lcksjcdpi68rg', NULL, NULL, NULL, NULL, NULL, NULL, NULL, NULL, '2020-09-07', '2020-09-07 00:00:00', '2020-09-08 00:00:00', 'Elementary Calendar'),
(3540, '1', NULL, 'PA Day', NULL, NULL, NULL, '_8d9lcgrfdpr6asjk6cs3cc33coo30o9p6ooj8pb270pm2cj365i3ccj46sq3cdhncopg', NULL, NULL, NULL, NULL, NULL, NULL, NULL, NULL, '2021-05-31', '2021-05-31 00:00:00', '2021-06-01 00:00:00', 'Elementary Calendar'),
(3541, '1', NULL, 'Easter Monday', NULL, NULL, NULL, '_8d9lcgrfdpr6asjk6gr3ap316lj6aphocorjgp356spjcphpcoojcdhk6sqjedphcphg', NULL, NULL, NULL, NULL, NULL, NULL, NULL, NULL, '2021-04-05', '2021-04-05 00:00:00', '2021-04-06 00:00:00', 'Elementary Calendar'),
(3542, '1', NULL, 'First Day of Classes', NULL, NULL, NULL, '_8d9lcgrfdpr6asjk6kp3ac3368s62ohn60r36c1gcoo3ip1gc4pjcp3275j62dpj70og', NULL, NULL, NULL, NULL, NULL, NULL, NULL, NULL, '2020-09-08', '2020-09-08 00:00:00', '2020-09-09 00:00:00', 'Elementary Calendar'),
(3543, '1', NULL, 'Last Day of Classes (Early Release)', NULL, NULL, NULL, '_8d9lcgrfdpr6asjk6ph32pb2clgjicpp6kqj6dr5c8sj8dph69hm6e1nchh3ad1lc4q0', NULL, NULL, NULL, NULL, NULL, NULL, NULL, NULL, '2021-06-29', '2021-06-29 00:00:00', '2021-06-30 00:00:00', 'Elementary Calendar'),
(3544, '1', NULL, 'PA Day', NULL, NULL, NULL, '_8d9lcgrfdpr6asjk70r3eob2cosjid1l68o3idj1cgqj2opjchi64c1h6so64pb6c5j0', NULL, NULL, NULL, NULL, NULL, NULL, NULL, NULL, '2020-09-01', '2020-09-01 00:00:00', '2020-09-02 00:00:00', 'Elementary Calendar'),
(3545, '1', NULL, 'Family Day', NULL, NULL, NULL, '_8d9lcgrfdpr6asjk71gjcdb4cop38c1icli3ie1jcgqjcdhg61ij6e3564qmaopj71hg', NULL, NULL, NULL, NULL, NULL, NULL, NULL, NULL, '2021-02-15', '2021-02-15 00:00:00', '2021-02-16 00:00:00', 'Elementary Calendar'),
(3546, '1', NULL, 'PA Day', NULL, NULL, NULL, '_8d9lcgrfdpr6asjk71h66cppc5j3ao9k6tij8opp6lj66dj6cgqj8p9m60o3edpockqg', NULL, NULL, NULL, NULL, NULL, NULL, NULL, NULL, '2021-02-01', '2021-02-01 00:00:00', '2021-02-02 00:00:00', 'Elementary Calendar'),
(3547, '1', NULL, 'Thanksgiving Day', NULL, NULL, NULL, '_8d9lcgrfdpr6asjk71j3idr174qjgc35cgq38oj4clhjapb3cgrjapj4c4pj6chk70pg', NULL, NULL, NULL, NULL, NULL, NULL, NULL, NULL, '2020-10-12', '2020-10-12 00:00:00', '2020-10-13 00:00:00', 'Elementary Calendar'),
(3548, '1', NULL, 'PA Day', NULL, NULL, NULL, '_8d9lcgrfdpr6asjk74pj6pj468p3coj56kr32c9p61im2cb474p36o9o6hj38cr16kr0', NULL, NULL, NULL, NULL, NULL, NULL, NULL, NULL, '2020-09-03', '2020-09-03 00:00:00', '2020-09-04 00:00:00', 'Elementary Calendar'),
(3549, '1', NULL, 'PA Day', NULL, NULL, NULL, '_8d9lcgrfdpr6asjk75i30oph6gp3cc1l6hj62oj26phm6phg6lh64dpmccs38ohm6pj0', NULL, NULL, NULL, NULL, NULL, NULL, NULL, NULL, '2021-01-15', '2021-01-15 00:00:00', '2021-01-16 00:00:00', 'Elementary Calendar'),
(3550, '1', NULL, 'Victoria Day', NULL, NULL, NULL, '_8d9lcgrfdpr6asjkcgqm4c1kcoq30dpoc4o68cj268pmaoj4c4q3cd9hc8om4o9mcdgg', NULL, NULL, NULL, NULL, NULL, NULL, NULL, NULL, '2021-05-24', '2021-05-24 00:00:00', '2021-05-25 00:00:00', 'Elementary Calendar'),
(3551, '1', NULL, 'Good Friday', NULL, NULL, NULL, '_8d9lcgrfdpr6asjkcgr3cp9l61gm2dplcopmadhjcgp62phkc4pj2dr16srj0e1h60q0', NULL, NULL, NULL, NULL, NULL, NULL, NULL, NULL, '2021-04-02', '2021-04-02 00:00:00', '2021-04-03 00:00:00', 'Elementary Calendar'),
(3552, '1', NULL, 'PA Day', NULL, NULL, NULL, '_8d9lcgrfdpr6asjkckqj2dpgcopj6or56kqjae1jcdj3ae3268p38c9ncopm4e3375j0', NULL, NULL, NULL, NULL, NULL, NULL, NULL, NULL, '2020-09-02', '2020-09-02 00:00:00', '2020-09-03 00:00:00', 'Elementary Calendar'),
(3553, '1', NULL, 'Winter Break', NULL, NULL, NULL, '_8d9lcgrfdpr6asjkclj3ed9j64r66ob660pm6o9gc9hm6eb6cpim8cplchj62cj6c8s0', NULL, NULL, NULL, NULL, NULL, NULL, NULL, NULL, '2020-12-21', '2020-12-21 00:00:00', '2021-01-01 00:00:00', 'Elementary Calendar'),
(3554, '1', NULL, 'PA Day', NULL, NULL, NULL, '395cuopu7rdjkhh6i1sfhjl6f9', NULL, NULL, NULL, NULL, NULL, NULL, NULL, NULL, '2020-11-13', '2020-11-13 00:00:00', '2020-11-14 00:00:00', 'Elementary Calendar'),
(3555, '1', NULL, 'Mid-Winter Break', NULL, NULL, NULL, '0ig47nr9sa04j5mt1e6bu1ij44', NULL, NULL, NULL, NULL, NULL, NULL, NULL, NULL, '2021-04-12', '2021-04-12 00:00:00', '2021-04-17 00:00:00', 'Elementary Calendar'),
(3556, '1', NULL, 'Good Friday', NULL, NULL, NULL, '_8d9lcgrfdpr6asjk64sjao9l60ojcoph6osj0p1l6hh3eo9l6srj0p316or3gd9pc9j0', NULL, NULL, NULL, NULL, NULL, NULL, NULL, NULL, '2022-04-15', '2022-04-15 00:00:00', '2022-04-16 00:00:00', 'Elementary Calendar'),
(3557, '1', NULL, 'Victoria Day', NULL, NULL, NULL, '_8d9lcgrfdpr6asjk69h3cdhj69gj2cj36sp6cc3570rm8dr664q30d336oqm8phg68rg', NULL, NULL, NULL, NULL, NULL, NULL, NULL, NULL, '2022-05-23', '2022-05-23 00:00:00', '2022-05-24 00:00:00', 'Elementary Calendar'),
(3558, '1', NULL, 'Family Day', NULL, NULL, NULL, '_8d9lcgrfdpr6asjk69j30c3274o3gohl60rjgp9j61j3gdj464p6ce9g74p38c1oc4q0', NULL, NULL, NULL, NULL, NULL, NULL, NULL, NULL, '2022-02-21', '2022-02-21 00:00:00', '2022-02-22 00:00:00', 'Elementary Calendar'),
(3559, '1', NULL, 'PA Day', NULL, NULL, NULL, '_8d9lcgrfdpr6asjk69j68e1p74rm8cpn6lj30cpn68s6acj4chgmad1iccr36p9iclig', NULL, NULL, NULL, NULL, NULL, NULL, NULL, NULL, '2022-02-04', '2022-02-04 00:00:00', '2022-02-05 00:00:00', 'Elementary Calendar'),
(3560, '1', NULL, 'Thanksgiving Day', NULL, NULL, NULL, '_8d9lcgrfdpr6asjk6cpmad9h60p32oj2ccsjap9n6cr68or170s68p1hckqm4d1hc5ig', NULL, NULL, NULL, NULL, NULL, NULL, NULL, NULL, '2021-10-11', '2021-10-11 00:00:00', '2021-10-12 00:00:00', 'Elementary Calendar'),
(3561, '1', NULL, 'School Holiday', NULL, NULL, NULL, '_8d9lcgrfdpr6asjk6hhjgcj3ckp6ce336pj30d9o70p64p9lc8om8e36cph32dhi64o0', NULL, NULL, NULL, NULL, NULL, NULL, NULL, NULL, '2021-09-08', '2021-09-08 00:00:00', '2021-09-09 00:00:00', 'Elementary Calendar'),
(3562, '1', NULL, 'PA Day', NULL, NULL, NULL, '_8d9lcgrfdpr6asjk6kojecr168pjipj1cgs3ic9n6com8p9o6ss6ad1gc5i3go9j60s0', NULL, NULL, NULL, NULL, NULL, NULL, NULL, NULL, '2021-09-01', '2021-09-01 00:00:00', '2021-09-02 00:00:00', 'Elementary Calendar'),
(3563, '1', NULL, 'Last Day of Classes (Early Release)', NULL, NULL, NULL, '_8d9lcgrfdpr6asjk6kpjachl60rm2cpm61hj0dj4c5h3ae1l6go68cppc8qm2cj561ig', NULL, NULL, NULL, NULL, NULL, NULL, NULL, NULL, '2022-06-30', '2022-06-30 00:00:00', '2022-07-01 00:00:00', 'Elementary Calendar'),
(3564, '1', NULL, 'Labour Day', NULL, NULL, NULL, '_8d9lcgrfdpr6asjk6oojcp31copjedhl6kr66dhl68qj6c1kckpj2p3668o3cd33chhg', NULL, NULL, NULL, NULL, NULL, NULL, NULL, NULL, '2021-09-06', '2021-09-06 00:00:00', '2021-09-07 00:00:00', 'Elementary Calendar'),
(3565, '1', NULL, 'PA Day', NULL, NULL, NULL, '_8d9lcgrfdpr6asjk70q64pb474qjcopncpgjed1l68sj4p9ockq30p33c8pjap9l6srg', NULL, NULL, NULL, NULL, NULL, NULL, NULL, NULL, '2021-09-03', '2021-09-03 00:00:00', '2021-09-04 00:00:00', 'Elementary Calendar'),
(3566, '1', NULL, 'PA Day', NULL, NULL, NULL, '_8d9lcgrfdpr6asjk70sj2oj5cph38pb469j3achpc5ijac1h75i62dj1c9h6ceb16dj0', NULL, NULL, NULL, NULL, NULL, NULL, NULL, NULL, '2021-09-02', '2021-09-02 00:00:00', '2021-09-03 00:00:00', 'Elementary Calendar'),
(3567, '1', NULL, 'First Day of Classes', NULL, NULL, NULL, '_8d9lcgrfdpr6asjk71hm4ob56th32p1o6or68p1k61ijec1jcopjcor665gj2c1n65j0', NULL, NULL, NULL, NULL, NULL, NULL, NULL, NULL, '2021-09-09', '2021-09-09 00:00:00', '2021-09-10 00:00:00', 'Elementary Calendar'),
(3568, '1', NULL, 'PA Day', NULL, NULL, NULL, '_8d9lcgrfdpr6asjkc4pj8pj568s6cc1gcpim6d1i6ksj8d366sojad9l6gpj0dpj6gr0', NULL, NULL, NULL, NULL, NULL, NULL, NULL, NULL, '2022-06-02', '2022-06-02 00:00:00', '2022-06-03 00:00:00', 'Elementary Calendar'),
(3569, '1', NULL, 'Easter Monday', NULL, NULL, NULL, '_8d9lcgrfdpr6asjkc4rjicpk6os3ecpn64pm6d32ccrj8cpi6gqj6p346hgm4p3160rg', NULL, NULL, NULL, NULL, NULL, NULL, NULL, NULL, '2022-04-18', '2022-04-18 00:00:00', '2022-04-19 00:00:00', 'Elementary Calendar'),
(3570, '1', NULL, 'PA Day', NULL, NULL, NULL, '_8d9lcgrfdpr6asjkccsj6d3474s68e9p64p3ic34c4rmadpo6cpj2oph64p38c1n6tgg', NULL, NULL, NULL, NULL, NULL, NULL, NULL, NULL, '2022-01-14', '2022-01-14 00:00:00', '2022-01-15 00:00:00', 'Elementary Calendar'),
(3571, '1', NULL, 'PA Day', NULL, NULL, NULL, '_8d9lcgrfdpr6asjkcgr3apb2cos62cj469j36phmcgpjep33c8p30chpcdgj0db5cgr0', NULL, NULL, NULL, NULL, NULL, NULL, NULL, NULL, '2021-11-19', '2021-11-19 00:00:00', '2021-11-20 00:00:00', 'Elementary Calendar'),
(3572, '1', NULL, 'School Holiday', NULL, NULL, NULL, '_8d9lcgrfdpr6asjkcgsjid9o6ksjgdr165ijedhmckrj2e9jclgj4d9i68s3ed326kp0', NULL, NULL, NULL, NULL, NULL, NULL, NULL, NULL, '2021-09-07', '2021-09-07 00:00:00', '2021-09-08 00:00:00', 'Elementary Calendar'),
(3573, '1', NULL, 'Winter Break', NULL, NULL, NULL, '_8d9lcgrfdpr6asjk6kr3aopnclj68dhn70r62c1n69ijaphi6cpjcdb4c4r38chl6tj0', NULL, NULL, NULL, NULL, NULL, NULL, NULL, NULL, '2021-12-20', '2021-12-20 00:00:00', '2022-01-01 00:00:00', 'Elementary Calendar'),
(3574, '1', NULL, 'Mid-Winter Break', NULL, NULL, NULL, '_8d9lcgrfdpr6asjk69h34dpn6ksj4oj1c5j32oj2ccs38c9j61imae1jccqjadj66tj0', NULL, NULL, NULL, NULL, NULL, NULL, NULL, NULL, '2022-03-14', '2022-03-14 00:00:00', '2022-03-19 00:00:00', 'Elementary Calendar'),
(3575, '1', NULL, 'Victoria Day', NULL, NULL, NULL, '_8d9lcgrfdpr6asjk60sm2cph6hhj0e1m6op66c9o6kr30c9k6hj32dpn75gm8dj675hg', NULL, NULL, NULL, NULL, NULL, NULL, NULL, NULL, '2023-05-22', '2023-05-22 00:00:00', '2023-05-23 00:00:00', 'Elementary Calendar'),
(3576, '1', NULL, 'First Day of Classes', NULL, NULL, NULL, '_8d9lcgrfdpr6asjk64p64dj174s36phlcgs6cdpncdi30o9j60sm4cpo6co62dhl64p0', NULL, NULL, NULL, NULL, NULL, NULL, NULL, NULL, '2022-09-07', '2022-09-07 00:00:00', '2022-09-08 00:00:00', 'Elementary Calendar'),
(3577, '1', NULL, 'PA Day', NULL, NULL, NULL, '_8d9lcgrfdpr6asjk64qjeob66cs3ce9hc8qjid9n60q6cpj260pm2chg65h62cr3clhg', NULL, NULL, NULL, NULL, NULL, NULL, NULL, NULL, '2022-10-21', '2022-10-21 00:00:00', '2022-10-22 00:00:00', 'Elementary Calendar'),
(3578, '1', NULL, 'Family Day', NULL, NULL, NULL, '_8d9lcgrfdpr6asjk6kp3cp1h6gp62p9ic8r36pj46dj64o9o6spj2phichj38e9m6sq0', NULL, NULL, NULL, NULL, NULL, NULL, NULL, NULL, '2023-02-20', '2023-02-20 00:00:00', '2023-02-21 00:00:00', 'Elementary Calendar'),
(3579, '1', NULL, 'Easter Monday', NULL, NULL, NULL, '_8d9lcgrfdpr6asjk6oq36p9kcoo3aoj374s62c1jc8qj2c9pcli6aor56lgj4pb66kog', NULL, NULL, NULL, NULL, NULL, NULL, NULL, NULL, '2023-04-10', '2023-04-10 00:00:00', '2023-04-11 00:00:00', 'Elementary Calendar'),
(3580, '1', NULL, 'Labour Day', NULL, NULL, NULL, '_8d9lcgrfdpr6asjk6sq6acr4cco38c3560s3goj56koj4p1i6lhj2c1lcdij4c9n75ig', NULL, NULL, NULL, NULL, NULL, NULL, NULL, NULL, '2022-09-05', '2022-09-05 00:00:00', '2022-09-06 00:00:00', 'Elementary Calendar'),
(3581, '1', NULL, 'Thanksgiving Day', NULL, NULL, NULL, '_8d9lcgrfdpr6asjk74o3ichg6pijiopk74s3ad9ncgpj2oj16thj2p9k6li3acho6pj0', NULL, NULL, NULL, NULL, NULL, NULL, NULL, NULL, '2022-10-10', '2022-10-10 00:00:00', '2022-10-11 00:00:00', 'Elementary Calendar'),
(3582, '1', NULL, 'PA Day', NULL, NULL, NULL, '_8d9lcgrfdpr6asjk74om8dhn75im2e1n6crjgdhpchij8o9n6gs6aphoc8pm4phpcop0', NULL, NULL, NULL, NULL, NULL, NULL, NULL, NULL, '2023-02-03', '2023-02-03 00:00:00', '2023-02-04 00:00:00', 'Elementary Calendar'),
(3583, '1', NULL, 'PA Day', NULL, NULL, NULL, '_8d9lcgrfdpr6asjk74p34chm6kq62ohm6csmad9ocdgjgc1l75h66c9jc9im8cpn6sqg', NULL, NULL, NULL, NULL, NULL, NULL, NULL, NULL, '2022-11-18', '2022-11-18 00:00:00', '2022-11-19 00:00:00', 'Elementary Calendar'),
(3584, '1', NULL, 'Last Day of Classes (Early Release)', NULL, NULL, NULL, '_8d9lcgrfdpr6asjk75hj2eb660o3iohn60o3co9m6cp3ae1gckpjepb3c5gjiopo6os0', NULL, NULL, NULL, NULL, NULL, NULL, NULL, NULL, '2023-06-30', '2023-06-30 00:00:00', '2023-07-01 00:00:00', 'Elementary Calendar'),
(3585, '1', NULL, 'PA Day', NULL, NULL, NULL, '_8d9lcgrfdpr6asjkc4rm8phgcgpj8ob36pgjcc9gcdh3gd1o68s66p1k6hijgp9jc4r0', NULL, NULL, NULL, NULL, NULL, NULL, NULL, NULL, '2023-06-02', '2023-06-02 00:00:00', '2023-06-03 00:00:00', 'Elementary Calendar'),
(3586, '1', NULL, 'PA Day', NULL, NULL, NULL, '_8d9lcgrfdpr6asjkcdgjco9n6gq64p1gccr6ad1mc9h62c9nckpj8p3470sjeob56hig', NULL, NULL, NULL, NULL, NULL, NULL, NULL, NULL, '2022-09-06', '2022-09-06 00:00:00', '2022-09-07 00:00:00', 'Elementary Calendar'),
(3587, '1', NULL, 'PA Day', NULL, NULL, NULL, '_8d9lcgrfdpr6asjkcgrm6e9nclij8e35cli3go9j6or68d9hccr62dj1ckq38c9h6thg', NULL, NULL, NULL, NULL, NULL, NULL, NULL, NULL, '2022-09-23', '2022-09-23 00:00:00', '2022-09-24 00:00:00', 'Elementary Calendar'),
(3588, '1', NULL, 'Good Friday', NULL, NULL, NULL, '_8d9lcgrfdpr6asjkcgsj6oj370qmcdhk6dh36c9lc9gmacj66grj6dr370smacpo68og', NULL, NULL, NULL, NULL, NULL, NULL, NULL, NULL, '2023-04-07', '2023-04-07 00:00:00', '2023-04-08 00:00:00', 'Elementary Calendar'),
(3589, '1', NULL, 'PA Day', NULL, NULL, NULL, '_8d9lcgrfdpr6asjkcli38p3568sm8db46gpm6cb36or34cb460r3cdho74p68d9k71j0', NULL, NULL, NULL, NULL, NULL, NULL, NULL, NULL, '2023-01-20', '2023-01-20 00:00:00', '2023-01-21 00:00:00', 'Elementary Calendar'),
(3590, '1', NULL, 'Winter Break', NULL, NULL, NULL, '_8d9lcgrfdpr6asjkcpgmcd9p6oo3icj16gpjgopncgq6achmclimcc1l60rj6e9i68rg', NULL, NULL, NULL, NULL, NULL, NULL, NULL, NULL, '2022-12-26', '2022-12-26 00:00:00', '2023-01-07 00:00:00', 'Elementary Calendar'),
(3591, '1', NULL, 'Mid-Winter Break', NULL, NULL, NULL, '_8d9lcgrfdpr6asjkcgqm4phkccrm8cpmcdi6adb261ijgp9n6li6aopgcko3ad9h6ko0', NULL, NULL, NULL, NULL, NULL, NULL, NULL, NULL, '2023-03-13', '2023-03-13 00:00:00', '2023-03-18 00:00:00', 'Elementary Calendar'),
(3592, '2', NULL, 'Victoria Day', NULL, NULL, NULL, '_8d9lcgrfdpr6asjk61j3gc1jcoqjac9gccp66cb36ph64cr66or32p9l70o68e9g6co0', NULL, NULL, NULL, NULL, NULL, NULL, NULL, NULL, '2019-05-20', '2019-05-20 00:00:00', '2019-05-21 00:00:00', 'Secondary School Calendar'),
(3593, '2', NULL, 'First Day of Classes', NULL, NULL, NULL, '_8d9lcgrfdpr6asjk64sm2e9m74o6cp35cgoj6e1pccsm6e1n6tj3ephmcphj4cpg6ph0', NULL, NULL, NULL, NULL, NULL, NULL, NULL, NULL, '2018-09-04', '2018-09-04 00:00:00', '2018-09-05 00:00:00', 'Secondary School Calendar'),
(3594, '2', NULL, 'Good Friday', NULL, NULL, NULL, '_8d9lcgrfdpr6asjk65gj6p9pchim4e1h6cs3aphjcpi68e1i75i68d1m75ij0e9k68og', NULL, NULL, NULL, NULL, NULL, NULL, NULL, NULL, '2019-04-19', '2019-04-19 00:00:00', '2019-04-20 00:00:00', 'Secondary School Calendar'),
(3595, '2', NULL, 'PA Day', NULL, NULL, NULL, '_8d9lcgrfdpr6asjk6gqjad9nccp30oj1cgsmao9h6pj36d356tj68dplc9ij6dpmc9hg', NULL, NULL, NULL, NULL, NULL, NULL, NULL, NULL, '2019-06-28', '2019-06-28 00:00:00', '2019-06-29 00:00:00', 'Secondary School Calendar'),
(3596, '2', NULL, 'PA Day', NULL, NULL, NULL, '_8d9lcgrfdpr6asjk6gs6cohicgqm4c9o6gsj8cj5cgo36opicoo62d9oc4pjid1ichgg', NULL, NULL, NULL, NULL, NULL, NULL, NULL, NULL, '2018-10-22', '2018-10-22 00:00:00', '2018-10-23 00:00:00', 'Secondary School Calendar'),
(3597, '2', NULL, 'PA Day', NULL, NULL, NULL, '_8d9lcgrfdpr6asjk6hj6aphl6pim8e1m60pm2oj5c8rj0ohi6pi38o9g6cp32c9j6grg', NULL, NULL, NULL, NULL, NULL, NULL, NULL, NULL, '2019-06-27', '2019-06-27 00:00:00', '2019-06-28 00:00:00', 'Secondary School Calendar'),
(3598, '2', NULL, 'Family Day', NULL, NULL, NULL, '_8d9lcgrfdpr6asjk6osm2or56cs32c33cko3ed1h70pm6phj70sjeopp6ks3ae3171i0', NULL, NULL, NULL, NULL, NULL, NULL, NULL, NULL, '2019-02-18', '2019-02-18 00:00:00', '2019-02-19 00:00:00', 'Secondary School Calendar'),
(3599, '2', NULL, 'Labour Day', NULL, NULL, NULL, '_8d9lcgrfdpr6asjk6thm6c9i6srmadpi6gqj0p9gccsj2eb6cgo6ae1jclj6ceb36kr0', NULL, NULL, NULL, NULL, NULL, NULL, NULL, NULL, '2018-09-03', '2018-09-03 00:00:00', '2018-09-04 00:00:00', 'Secondary School Calendar'),
(3600, '2', NULL, 'Thanksgiving Day', NULL, NULL, NULL, '_8d9lcgrfdpr6asjk74rj8o9m6kpm8ohkccrmcd9k74o30o9jc4s32d9mcphj4cpj6pi0', NULL, NULL, NULL, NULL, NULL, NULL, NULL, NULL, '2018-10-08', '2018-10-08 00:00:00', '2018-10-09 00:00:00', 'Secondary School Calendar'),
(3601, '2', NULL, 'Easter Monday', NULL, NULL, NULL, '_8d9lcgrfdpr6asjkc8qj6p9jccs62chgcpgj0e1m6gq30o9pc5j30oho6ti36dr26srg', NULL, NULL, NULL, NULL, NULL, NULL, NULL, NULL, '2019-04-22', '2019-04-22 00:00:00', '2019-04-23 00:00:00', 'Secondary School Calendar'),
(3602, '2', NULL, 'Last Day of Classes', NULL, NULL, NULL, '_8d9lcgrfdpr6asjkccrm8e9gcdij6c34cli6cdj36or62d34c4s38dr470s32phn64s0', NULL, NULL, NULL, NULL, NULL, NULL, NULL, NULL, '2019-06-26', '2019-06-26 00:00:00', '2019-06-27 00:00:00', 'Secondary School Calendar'),
(3603, '2', NULL, 'PA Day', NULL, NULL, NULL, '_8d9lcgrfdpr6asjkcdi6cdhp70ojgpho74p3ad1j68o3ic336ti34or4ckq38cj3cks0', NULL, NULL, NULL, NULL, NULL, NULL, NULL, NULL, '2018-11-23', '2018-11-23 00:00:00', '2018-11-24 00:00:00', 'Secondary School Calendar'),
(3604, '2', NULL, 'PA Day', NULL, NULL, NULL, '_8d9lcgrfdpr6asjkchi68dhp61h3achpc9j3ep9i70o30ob36os64phmcdh3cc1l6pig', NULL, NULL, NULL, NULL, NULL, NULL, NULL, NULL, '2019-02-01', '2019-02-01 00:00:00', '2019-02-02 00:00:00', 'Secondary School Calendar'),
(3605, '2', NULL, 'PA Day', NULL, NULL, NULL, '_8d9lcgrfdpr6asjkchj32d9kcdi3eopk6sqm2eb66hijiphg6lijaphi68ojic9g68s0', NULL, NULL, NULL, NULL, NULL, NULL, NULL, NULL, '2018-09-24', '2018-09-24 00:00:00', '2018-09-25 00:00:00', 'Secondary School Calendar'),
(3606, '2', NULL, 'PA Day', NULL, NULL, NULL, '_8d9lcgrfdpr6asjkcopjed1h64r68phocoqjedr2c9ij6choc8q6apj56hgj8cb1coo0', NULL, NULL, NULL, NULL, NULL, NULL, NULL, NULL, '2019-05-03', '2019-05-03 00:00:00', '2019-05-04 00:00:00', 'Secondary School Calendar'),
(3607, '2', NULL, 'Mid-Winter Break', NULL, NULL, NULL, '_8d9lcgrfdpr6asjkccrj2c1o6ssm2or2c8r68cr56cp32d346pim6c9m61j3acb56oog', NULL, NULL, NULL, NULL, NULL, NULL, NULL, NULL, '2019-03-11', '2019-03-11 00:00:00', '2019-03-16 00:00:00', 'Secondary School Calendar'),
(3608, '2', NULL, 'Christmas/Winter Break', NULL, NULL, NULL, '_8d9lcgrfdpr6asjk68s34cj561gm6p1iccpj2dhh6gqm2d356oq3aphj75i66c1k68rg', NULL, NULL, NULL, NULL, NULL, NULL, NULL, NULL, '2018-12-24', '2018-12-24 00:00:00', '2019-01-05 00:00:00', 'Secondary School Calendar'),
(3609, '2', NULL, 'Good Friday', NULL, NULL, NULL, '_8d9lcgrfdpr6asjk64qjee3569gjccj5chim4p9o64sj4cpmccs3adj668rj8dhp6crg', NULL, NULL, NULL, NULL, NULL, NULL, NULL, NULL, '2020-04-10', '2020-04-10 00:00:00', '2020-04-11 00:00:00', 'Secondary School Calendar'),
(3610, '2', NULL, 'PA Day', NULL, NULL, NULL, '_8d9lcgrfdpr6asjk65h3ap1kckojcopocpi66opi60o6ccpm64sj8o9nc4p3ephj6pj0', NULL, NULL, NULL, NULL, NULL, NULL, NULL, NULL, '2020-06-25', '2020-06-25 00:00:00', '2020-06-26 00:00:00', 'Secondary School Calendar'),
(3611, '2', NULL, 'PA Day', NULL, NULL, NULL, '_8d9lcgrfdpr6asjk6gq6acph6ko64db1c5j64chh6pj3ioj6cdim6p1gc4r62p9jcdi0', NULL, NULL, NULL, NULL, NULL, NULL, NULL, NULL, '2019-11-15', '2019-11-15 00:00:00', '2019-11-16 00:00:00', 'Secondary School Calendar'),
(3612, '2', NULL, 'PA Day', NULL, NULL, NULL, '_8d9lcgrfdpr6asjk6gqm6phl64q6cpj3c5hjid9k64smad32ckq30dhm65j3cd9n6pj0', NULL, NULL, NULL, NULL, NULL, NULL, NULL, NULL, '2020-01-31', '2020-01-31 00:00:00', '2020-02-01 00:00:00', 'Secondary School Calendar'),
(3613, '2', NULL, 'First Day of Classes', NULL, NULL, NULL, '_8d9lcgrfdpr6asjk6gs66dj5c9i66ohmcgp36p316ssj6eb671h38ob1copj2chk6lh0', NULL, NULL, NULL, NULL, NULL, NULL, NULL, NULL, '2019-09-03', '2019-09-03 00:00:00', '2019-09-04 00:00:00', 'Secondary School Calendar'),
(3614, '2', NULL, 'PA Day', NULL, NULL, NULL, '_8d9lcgrfdpr6asjk6himcc1pc4p38cpk6co38phh6li6ccpi65imcdpj6gojecb664p0', NULL, NULL, NULL, NULL, NULL, NULL, NULL, NULL, '2020-06-26', '2020-06-26 00:00:00', '2020-06-27 00:00:00', 'Secondary School Calendar'),
(3615, '2', NULL, 'Labour Day', NULL, NULL, NULL, '_8d9lcgrfdpr6asjk71h3ge1gcdhj2cb46ti6aoj5cgs6cchn6sr64e9mcos3adpk6gr0', NULL, NULL, NULL, NULL, NULL, NULL, NULL, NULL, '2019-09-02', '2019-09-02 00:00:00', '2019-09-03 00:00:00', 'Secondary School Calendar'),
(3616, '2', NULL, 'Thanksgiving Day', NULL, NULL, NULL, '_8d9lcgrfdpr6asjkc5hjedr5cpgj2p1m71gjeo9l65hm6pb26hj3ad9j74qmad1p6dgg', NULL, NULL, NULL, NULL, NULL, NULL, NULL, NULL, '2019-10-14', '2019-10-14 00:00:00', '2019-10-15 00:00:00', 'Secondary School Calendar'),
(3617, '2', NULL, 'Victoria Day', NULL, NULL, NULL, '_8d9lcgrfdpr6asjkc8pj0chlcgqjcoj274rjadj270pm8e9k6kp3ie1h74r68e9p6srg', NULL, NULL, NULL, NULL, NULL, NULL, NULL, NULL, '2020-05-18', '2020-05-18 00:00:00', '2020-05-19 00:00:00', 'Secondary School Calendar'),
(3618, '2', NULL, 'Last Day of Classes', NULL, NULL, NULL, '_8d9lcgrfdpr6asjkcgpjcp9m6osjep1ocosm6pb664rm4e9kchh3edhk70sj2dr56ks0', NULL, NULL, NULL, NULL, NULL, NULL, NULL, NULL, '2020-06-24', '2020-06-24 00:00:00', '2020-06-25 00:00:00', 'Secondary School Calendar'),
(3619, '2', NULL, 'PA Day', NULL, NULL, NULL, '_8d9lcgrfdpr6asjkcop64p1hcoom4dhl6sr68ob268oj4cj16dj3ep9ocos66p9m60o0', NULL, NULL, NULL, NULL, NULL, NULL, NULL, NULL, '2019-10-21', '2019-10-21 00:00:00', '2019-10-22 00:00:00', 'Secondary School Calendar'),
(3620, '2', NULL, 'PA Day', NULL, NULL, NULL, '_8d9lcgrfdpr6asjkcoq62ob2ccr6cob568s62pj36kr3eoj16dh38o9iclgmap9l6kr0', NULL, NULL, NULL, NULL, NULL, NULL, NULL, NULL, '2020-05-01', '2020-05-01 00:00:00', '2020-05-02 00:00:00', 'Secondary School Calendar'),
(3621, '2', NULL, 'Easter Monday', NULL, NULL, NULL, '_8d9lcgrfdpr6asjkcor32p1i6pim4dr364ojee9i6sqj2ohl74p62ohn6hhjeo9lc4r0', NULL, NULL, NULL, NULL, NULL, NULL, NULL, NULL, '2020-04-13', '2020-04-13 00:00:00', '2020-04-14 00:00:00', 'Secondary School Calendar'),
(3622, '2', NULL, 'Family Day', NULL, NULL, NULL, '_8d9lcgrfdpr6asjkcorj2chm6cq38d9p70r62e9ncgo66d9nc4o3ad9p61gmcp1m6oo0', NULL, NULL, NULL, NULL, NULL, NULL, NULL, NULL, '2020-02-17', '2020-02-17 00:00:00', '2020-02-18 00:00:00', 'Secondary School Calendar'),
(3623, '2', NULL, 'Winter Break', NULL, NULL, NULL, '_8d9lcgrfdpr6asjk74p3icj46csj8e1j60o36e3674pj2opo6cqj8c9n6lh3ipb16sr0', NULL, NULL, NULL, NULL, NULL, NULL, NULL, NULL, '2019-12-23', '2019-12-23 00:00:00', '2020-01-04 00:00:00', 'Secondary School Calendar'),
(3624, '2', NULL, 'Mid-Winter Break', NULL, NULL, NULL, '_8d9lcgrfdpr6asjk74rjgohkcphm4d1g70s34p9h68p68dj668o3ac1g60rm8e9l6dh0', NULL, NULL, NULL, NULL, NULL, NULL, NULL, NULL, '2020-03-16', '2020-03-16 00:00:00', '2020-03-21 00:00:00', 'Secondary School Calendar'),
(3625, '2', NULL, 'PA Day', 'Agenda: <br><a href=\"http://www.yrdsb.ca/schools/Documents/PA-Day-Agenda/2019-09-23-PA-Day-Agenda.pdf\">http://www.yrdsb.ca/schools/Documents/PA-Day-Agenda/2019-09-23-PA-Day-Agenda.pdf</a>', NULL, NULL, '_8d9lcgrfdpr6asjk6crjacr66kpj4p3574qmae1lcgpmae1pcdij2e9n71gjachn6kr0', NULL, NULL, NULL, NULL, NULL, NULL, NULL, NULL, '2019-09-23', '2019-09-23 00:00:00', '2019-09-24 00:00:00', 'Secondary School Calendar'),
(3626, '2', NULL, 'Labour Day', NULL, NULL, NULL, '_8d9lcgrfdpr6asjk68qjgeb670q30p1ic9ijgc33ccq36oj56osj8p9lcksjcdpi68rg', NULL, NULL, NULL, NULL, NULL, NULL, NULL, NULL, '2020-09-07', '2020-09-07 00:00:00', '2020-09-08 00:00:00', 'Secondary School Calendar'),
(3627, '2', NULL, 'Easter Monday', NULL, NULL, NULL, '_8d9lcgrfdpr6asjk6gr3ap316lj6aphocorjgp356spjcphpcoojcdhk6sqjedphcphg', NULL, NULL, NULL, NULL, NULL, NULL, NULL, NULL, '2021-04-05', '2021-04-05 00:00:00', '2021-04-06 00:00:00', 'Secondary School Calendar'),
(3628, '2', NULL, 'First Day of Classes', NULL, NULL, NULL, '_8d9lcgrfdpr6asjk6kp3ac3368s62ohn60r36c1gcoo3ip1gc4pjcp3275j62dpj70og', NULL, NULL, NULL, NULL, NULL, NULL, NULL, NULL, '2020-09-08', '2020-09-08 00:00:00', '2020-09-09 00:00:00', 'Secondary School Calendar'),
(3629, '2', NULL, 'PA Day', NULL, NULL, NULL, '_8d9lcgrfdpr6asjk6oqjcc1h64r34e1o6op3ge1jc8s3ac1p75hm2d9m6lgmcc326dig', NULL, NULL, NULL, NULL, NULL, NULL, NULL, NULL, '2021-05-07', '2021-05-07 00:00:00', '2021-05-08 00:00:00', 'Secondary School Calendar'),
(3630, '2', NULL, 'PA Day', NULL, NULL, NULL, '_8d9lcgrfdpr6asjk70r3eob2cosjid1l68o3idj1cgqj2opjchi64c1h6so64pb6c5j0', NULL, NULL, NULL, NULL, NULL, NULL, NULL, NULL, '2020-09-01', '2020-09-01 00:00:00', '2020-09-02 00:00:00', 'Secondary School Calendar'),
(3631, '2', NULL, 'Family Day', NULL, NULL, NULL, '_8d9lcgrfdpr6asjk71gjcdb4cop38c1icli3ie1jcgqjcdhg61ij6e3564qmaopj71hg', NULL, NULL, NULL, NULL, NULL, NULL, NULL, NULL, '2021-02-15', '2021-02-15 00:00:00', '2021-02-16 00:00:00', 'Secondary School Calendar'),
(3632, '2', NULL, 'PA Day', NULL, NULL, NULL, '_8d9lcgrfdpr6asjk71h66cppc5j3ao9k6tij8opp6lj66dj6cgqj8p9m60o3edpockqg', NULL, NULL, NULL, NULL, NULL, NULL, NULL, NULL, '2021-02-01', '2021-02-01 00:00:00', '2021-02-02 00:00:00', 'Secondary School Calendar'),
(3633, '2', NULL, 'Thanksgiving Day', NULL, NULL, NULL, '_8d9lcgrfdpr6asjk71j3idr174qjgc35cgq38oj4clhjapb3cgrjapj4c4pj6chk70pg', NULL, NULL, NULL, NULL, NULL, NULL, NULL, NULL, '2020-10-12', '2020-10-12 00:00:00', '2020-10-13 00:00:00', 'Secondary School Calendar'),
(3634, '2', NULL, 'PA Day', NULL, NULL, NULL, '_8d9lcgrfdpr6asjk74pj6pj468p3coj56kr32c9p61im2cb474p36o9o6hj38cr16kr0', NULL, NULL, NULL, NULL, NULL, NULL, NULL, NULL, '2020-09-03', '2020-09-03 00:00:00', '2020-09-04 00:00:00', 'Secondary School Calendar'),
(3635, '2', NULL, 'PA Day', NULL, NULL, NULL, '_8d9lcgrfdpr6asjkc4qjgp1h70qjgeb668o62db664pj8dppcorm2d3565hm8phk68r0', NULL, NULL, NULL, NULL, NULL, NULL, NULL, NULL, '2021-06-29', '2021-06-29 00:00:00', '2021-06-30 00:00:00', 'Secondary School Calendar'),
(3636, '2', NULL, 'Last Day of Classes (Early Release)', NULL, NULL, NULL, '_8d9lcgrfdpr6asjkc9gjie1oc8omad1kcdijgdhh6so3gcphcph6cohh6ssm8e3170o0', NULL, NULL, NULL, NULL, NULL, NULL, NULL, NULL, '2021-06-28', '2021-06-28 00:00:00', '2021-06-29 00:00:00', 'Secondary School Calendar'),
(3637, '2', NULL, 'Victoria Day', NULL, NULL, NULL, '_8d9lcgrfdpr6asjkcgqm4c1kcoq30dpoc4o68cj268pmaoj4c4q3cd9hc8om4o9mcdgg', NULL, NULL, NULL, NULL, NULL, NULL, NULL, NULL, '2021-05-24', '2021-05-24 00:00:00', '2021-05-25 00:00:00', 'Secondary School Calendar'),
(3638, '2', NULL, 'Good Friday', NULL, NULL, NULL, '_8d9lcgrfdpr6asjkcgr3cp9l61gm2dplcopmadhjcgp62phkc4pj2dr16srj0e1h60q0', NULL, NULL, NULL, NULL, NULL, NULL, NULL, NULL, '2021-04-02', '2021-04-02 00:00:00', '2021-04-03 00:00:00', 'Secondary School Calendar'),
(3639, '2', NULL, 'PA Day', NULL, NULL, NULL, '_8d9lcgrfdpr6asjkckqj2dpgcopj6or56kqjae1jcdj3ae3268p38c9ncopm4e3375j0', NULL, NULL, NULL, NULL, NULL, NULL, NULL, NULL, '2020-09-02', '2020-09-02 00:00:00', '2020-09-03 00:00:00', 'Secondary School Calendar'),
(3640, '2', NULL, 'Winter Break', NULL, NULL, NULL, '_8d9lcgrfdpr6asjkclj3ed9j64r66ob660pm6o9gc9hm6eb6cpim8cplchj62cj6c8s0', NULL, NULL, NULL, NULL, NULL, NULL, NULL, NULL, '2020-12-21', '2020-12-21 00:00:00', '2021-01-01 00:00:00', 'Secondary School Calendar'),
(3641, '2', NULL, 'PA Day', NULL, NULL, NULL, '32b5nu0tjv1uir462qr48hcc8e', NULL, NULL, NULL, NULL, NULL, NULL, NULL, NULL, '2020-11-13', '2020-11-13 00:00:00', '2020-11-14 00:00:00', 'Secondary School Calendar'),
(3642, '2', NULL, 'Mid-Winter Break', NULL, NULL, NULL, '78dq2of06n4f23gqfm9qdt1tes', NULL, NULL, NULL, NULL, NULL, NULL, NULL, NULL, '2021-04-12', '2021-04-12 00:00:00', '2021-04-17 00:00:00', 'Secondary School Calendar'),
(3643, '2', NULL, 'Good Friday', NULL, NULL, NULL, '_8d9lcgrfdpr6asjk64sjao9l60ojcoph6osj0p1l6hh3eo9l6srj0p316or3gd9pc9j0', NULL, NULL, NULL, NULL, NULL, NULL, NULL, NULL, '2022-04-15', '2022-04-15 00:00:00', '2022-04-16 00:00:00', 'Secondary School Calendar'),
(3644, '2', NULL, 'Victoria Day', NULL, NULL, NULL, '_8d9lcgrfdpr6asjk69h3cdhj69gj2cj36sp6cc3570rm8dr664q30d336oqm8phg68rg', NULL, NULL, NULL, NULL, NULL, NULL, NULL, NULL, '2022-05-23', '2022-05-23 00:00:00', '2022-05-24 00:00:00', 'Secondary School Calendar'),
(3645, '2', NULL, 'Family Day', NULL, NULL, NULL, '_8d9lcgrfdpr6asjk69j30c3274o3gohl60rjgp9j61j3gdj464p6ce9g74p38c1oc4q0', NULL, NULL, NULL, NULL, NULL, NULL, NULL, NULL, '2022-02-21', '2022-02-21 00:00:00', '2022-02-22 00:00:00', 'Secondary School Calendar'),
(3646, '2', NULL, 'PA Day', NULL, NULL, NULL, '_8d9lcgrfdpr6asjk69j68e1p74rm8cpn6lj30cpn68s6acj4chgmad1iccr36p9iclig', NULL, NULL, NULL, NULL, NULL, NULL, NULL, NULL, '2022-02-04', '2022-02-04 00:00:00', '2022-02-05 00:00:00', 'Secondary School Calendar'),
(3647, '2', NULL, 'Thanksgiving Day', NULL, NULL, NULL, '_8d9lcgrfdpr6asjk6cpmad9h60p32oj2ccsjap9n6cr68or170s68p1hckqm4d1hc5ig', NULL, NULL, NULL, NULL, NULL, NULL, NULL, NULL, '2021-10-11', '2021-10-11 00:00:00', '2021-10-12 00:00:00', 'Secondary School Calendar'),
(3648, '2', NULL, 'Last Day of Classes (Early Release)', NULL, NULL, NULL, '_8d9lcgrfdpr6asjk6dhj8ohm69ij6oppcli68e9l64rm6ohk6so64opi6kq30d1ickrg', NULL, NULL, NULL, NULL, NULL, NULL, NULL, NULL, '2022-06-29', '2022-06-29 00:00:00', '2022-06-30 00:00:00', 'Secondary School Calendar'),
(3649, '2', NULL, 'School Holiday', NULL, NULL, NULL, '_8d9lcgrfdpr6asjk6hhjgcj3ckp6ce336pj30d9o70p64p9lc8om8e36cph32dhi64o0', NULL, NULL, NULL, NULL, NULL, NULL, NULL, NULL, '2021-09-08', '2021-09-08 00:00:00', '2021-09-09 00:00:00', 'Secondary School Calendar'),
(3650, '2', NULL, 'PA Day', NULL, NULL, NULL, '_8d9lcgrfdpr6asjk6kojecr168pjipj1cgs3ic9n6com8p9o6ss6ad1gc5i3go9j60s0', NULL, NULL, NULL, NULL, NULL, NULL, NULL, NULL, '2021-09-01', '2021-09-01 00:00:00', '2021-09-02 00:00:00', 'Secondary School Calendar'),
(3651, '2', NULL, 'PA Day', NULL, NULL, NULL, '_8d9lcgrfdpr6asjk6kq62db4ckpm2ob4ckp32p1gc5h66cpmcko3ep3271j38cr36dgg', NULL, NULL, NULL, NULL, NULL, NULL, NULL, NULL, '2022-05-06', '2022-05-06 00:00:00', '2022-05-07 00:00:00', 'Secondary School Calendar'),
(3652, '2', NULL, 'Labour Day', NULL, NULL, NULL, '_8d9lcgrfdpr6asjk6oojcp31copjedhl6kr66dhl68qj6c1kckpj2p3668o3cd33chhg', NULL, NULL, NULL, NULL, NULL, NULL, NULL, NULL, '2021-09-06', '2021-09-06 00:00:00', '2021-09-07 00:00:00', 'Secondary School Calendar'),
(3653, '2', NULL, 'PA Day', NULL, NULL, NULL, '_8d9lcgrfdpr6asjk6tim4d1o6tgjgcj5cdh30dr365ijadhn70o36opo70rj2pb1c8qg', NULL, NULL, NULL, NULL, NULL, NULL, NULL, NULL, '2022-06-30', '2022-06-30 00:00:00', '2022-07-01 00:00:00', 'Secondary School Calendar'),
(3654, '2', NULL, 'PA Day', NULL, NULL, NULL, '_8d9lcgrfdpr6asjk70q64pb474qjcopncpgjed1l68sj4p9ockq30p33c8pjap9l6srg', NULL, NULL, NULL, NULL, NULL, NULL, NULL, NULL, '2021-09-03', '2021-09-03 00:00:00', '2021-09-04 00:00:00', 'Secondary School Calendar'),
(3655, '2', NULL, 'PA Day', NULL, NULL, NULL, '_8d9lcgrfdpr6asjk70sj2oj5cph38pb469j3achpc5ijac1h75i62dj1c9h6ceb16dj0', NULL, NULL, NULL, NULL, NULL, NULL, NULL, NULL, '2021-09-02', '2021-09-02 00:00:00', '2021-09-03 00:00:00', 'Secondary School Calendar'),
(3656, '2', NULL, 'First Day of Classes', NULL, NULL, NULL, '_8d9lcgrfdpr6asjk71hm4ob56th32p1o6or68p1k61ijec1jcopjcor665gj2c1n65j0', NULL, NULL, NULL, NULL, NULL, NULL, NULL, NULL, '2021-09-09', '2021-09-09 00:00:00', '2021-09-10 00:00:00', 'Secondary School Calendar'),
(3657, '2', NULL, 'Easter Monday', NULL, NULL, NULL, '_8d9lcgrfdpr6asjkc4rjicpk6os3ecpn64pm6d32ccrj8cpi6gqj6p346hgm4p3160rg', NULL, NULL, NULL, NULL, NULL, NULL, NULL, NULL, '2022-04-18', '2022-04-18 00:00:00', '2022-04-19 00:00:00', 'Secondary School Calendar'),
(3658, '2', NULL, 'School Holiday', NULL, NULL, NULL, '_8d9lcgrfdpr6asjkcgsjid9o6ksjgdr165ijedhmckrj2e9jclgj4d9i68s3ed326kp0', NULL, NULL, NULL, NULL, NULL, NULL, NULL, NULL, '2021-09-07', '2021-09-07 00:00:00', '2021-09-08 00:00:00', 'Secondary School Calendar'),
(3659, '2', NULL, 'Winter Break', NULL, NULL, NULL, '_8d9lcgrfdpr6asjk6kr3aopnclj68dhn70r62c1n69ijaphi6cpjcdb4c4r38chl6tj0', NULL, NULL, NULL, NULL, NULL, NULL, NULL, NULL, '2021-12-20', '2021-12-20 00:00:00', '2022-01-01 00:00:00', 'Secondary School Calendar'),
(3660, '2', NULL, 'Mid-Winter Break', NULL, NULL, NULL, '_8d9lcgrfdpr6asjk69h34dpn6ksj4oj1c5j32oj2ccs38c9j61imae1jccqjadj66tj0', NULL, NULL, NULL, NULL, NULL, NULL, NULL, NULL, '2022-03-14', '2022-03-14 00:00:00', '2022-03-19 00:00:00', 'Secondary School Calendar'),
(3661, '2', NULL, 'PA Day', NULL, NULL, NULL, '_8d9lcgrfdpr6asjkcgr3apb2cos62cj469j36phmcgpjep33c8p30chpcdgj0db5cgr0', NULL, NULL, NULL, NULL, NULL, NULL, NULL, NULL, '2021-11-15', '2021-11-15 00:00:00', '2021-11-16 00:00:00', 'Secondary School Calendar'),
(3662, '2', NULL, 'Victoria Day', NULL, NULL, NULL, '_8d9lcgrfdpr6asjk60sm2cph6hhj0e1m6op66c9o6kr30c9k6hj32dpn75gm8dj675hg', NULL, NULL, NULL, NULL, NULL, NULL, NULL, NULL, '2023-05-22', '2023-05-22 00:00:00', '2023-05-23 00:00:00', 'Secondary School Calendar'),
(3663, '2', NULL, 'First Day of Classes', NULL, NULL, NULL, '_8d9lcgrfdpr6asjk64p64dj174s36phlcgs6cdpncdi30o9j60sm4cpo6co62dhl64p0', NULL, NULL, NULL, NULL, NULL, NULL, NULL, NULL, '2022-09-07', '2022-09-07 00:00:00', '2022-09-08 00:00:00', 'Secondary School Calendar'),
(3664, '2', NULL, 'PA Day', NULL, NULL, NULL, '_8d9lcgrfdpr6asjk64qjeob66cs3ce9hc8qjid9n60q6cpj260pm2chg65h62cr3clhg', NULL, NULL, NULL, NULL, NULL, NULL, NULL, NULL, '2022-10-21', '2022-10-21 00:00:00', '2022-10-22 00:00:00', 'Secondary School Calendar'),
(3665, '2', NULL, 'PA Day', NULL, NULL, NULL, '_8d9lcgrfdpr6asjk6dim4opk68p6cd1hcpijep366sp30o9h71im4oj56gq3gcj664s0', NULL, NULL, NULL, NULL, NULL, NULL, NULL, NULL, '2023-05-05', '2023-05-05 00:00:00', '2023-05-06 00:00:00', 'Secondary School Calendar'),
(3666, '2', NULL, 'Family Day', NULL, NULL, NULL, '_8d9lcgrfdpr6asjk6kp3cp1h6gp62p9ic8r36pj46dj64o9o6spj2phichj38e9m6sq0', NULL, NULL, NULL, NULL, NULL, NULL, NULL, NULL, '2023-02-20', '2023-02-20 00:00:00', '2023-02-21 00:00:00', 'Secondary School Calendar'),
(3667, '2', NULL, 'Easter Monday', NULL, NULL, NULL, '_8d9lcgrfdpr6asjk6oq36p9kcoo3aoj374s62c1jc8qj2c9pcli6aor56lgj4pb66kog', NULL, NULL, NULL, NULL, NULL, NULL, NULL, NULL, '2023-04-10', '2023-04-10 00:00:00', '2023-04-11 00:00:00', 'Secondary School Calendar'),
(3668, '2', NULL, 'Last Day of Classes (Early Release)', NULL, NULL, NULL, '_8d9lcgrfdpr6asjk6oqjicpj74oj2php70qm6e9j6dgm6p9m6pim8p1mchim8ohj6osg', NULL, NULL, NULL, NULL, NULL, NULL, NULL, NULL, '2023-06-29', '2023-06-29 00:00:00', '2023-06-30 00:00:00', 'Secondary School Calendar'),
(3669, '2', NULL, 'Labour Day', NULL, NULL, NULL, '_8d9lcgrfdpr6asjk6sq6acr4cco38c3560s3goj56koj4p1i6lhj2c1lcdij4c9n75ig', NULL, NULL, NULL, NULL, NULL, NULL, NULL, NULL, '2022-09-05', '2022-09-05 00:00:00', '2022-09-06 00:00:00', 'Secondary School Calendar'),
(3670, '2', NULL, 'Thanksgiving Day', NULL, NULL, NULL, '_8d9lcgrfdpr6asjk74o3ichg6pijiopk74s3ad9ncgpj2oj16thj2p9k6li3acho6pj0', NULL, NULL, NULL, NULL, NULL, NULL, NULL, NULL, '2022-10-10', '2022-10-10 00:00:00', '2022-10-11 00:00:00', 'Secondary School Calendar'),
(3671, '2', NULL, 'PA Day', NULL, NULL, NULL, '_8d9lcgrfdpr6asjk74om8dhn75im2e1n6crjgdhpchij8o9n6gs6aphoc8pm4phpcop0', NULL, NULL, NULL, NULL, NULL, NULL, NULL, NULL, '2023-02-03', '2023-02-03 00:00:00', '2023-02-04 00:00:00', 'Secondary School Calendar'),
(3672, '2', NULL, 'PA Day', NULL, NULL, NULL, '_8d9lcgrfdpr6asjk74p34chm6kq62ohm6csmad9ocdgjgc1l75h66c9jc9im8cpn6sqg', NULL, NULL, NULL, NULL, NULL, NULL, NULL, NULL, '2022-11-18', '2022-11-18 00:00:00', '2022-11-19 00:00:00', 'Secondary School Calendar'),
(3673, '2', NULL, 'PA Day', NULL, NULL, NULL, '_8d9lcgrfdpr6asjkccsj6p9i6cpm4c9lcgsj0d9pckq34dho6pi30ob36tj34eb66grg', NULL, NULL, NULL, NULL, NULL, NULL, NULL, NULL, '2023-06-30', '2023-06-30 00:00:00', '2023-07-01 00:00:00', 'Secondary School Calendar'),
(3674, '2', NULL, 'PA Day', NULL, NULL, NULL, '_8d9lcgrfdpr6asjkcdgjco9n6gq64p1gccr6ad1mc9h62c9nckpj8p3470sjeob56hig', NULL, NULL, NULL, NULL, NULL, NULL, NULL, NULL, '2022-09-06', '2022-09-06 00:00:00', '2022-09-07 00:00:00', 'Secondary School Calendar'),
(3675, '2', NULL, 'PA Day', NULL, NULL, NULL, '_8d9lcgrfdpr6asjkcgrm6e9nclij8e35cli3go9j6or68d9hccr62dj1ckq38c9h6thg', NULL, NULL, NULL, NULL, NULL, NULL, NULL, NULL, '2022-09-23', '2022-09-23 00:00:00', '2022-09-24 00:00:00', 'Secondary School Calendar'),
(3676, '2', NULL, 'Good Friday', NULL, NULL, NULL, '_8d9lcgrfdpr6asjkcgsj6oj370qmcdhk6dh36c9lc9gmacj66grj6dr370smacpo68og', NULL, NULL, NULL, NULL, NULL, NULL, NULL, NULL, '2023-04-07', '2023-04-07 00:00:00', '2023-04-08 00:00:00', 'Secondary School Calendar'),
(3677, '2', NULL, 'Winter Break', NULL, NULL, NULL, '_8d9lcgrfdpr6asjkcpgmcd9p6oo3icj16gpjgopncgq6achmclimcc1l60rj6e9i68rg', NULL, NULL, NULL, NULL, NULL, NULL, NULL, NULL, '2022-12-26', '2022-12-26 00:00:00', '2023-01-07 00:00:00', 'Secondary School Calendar'),
(3678, '2', NULL, 'Mid-Winter Break', NULL, NULL, NULL, '_8d9lcgrfdpr6asjkcgqm4phkccrm8cpmcdi6adb261ijgp9n6li6aopgcko3ad9h6ko0', NULL, NULL, NULL, NULL, NULL, NULL, NULL, NULL, '2023-03-13', '2023-03-13 00:00:00', '2023-03-18 00:00:00', 'Secondary School Calendar'),
(3679, '3', NULL, 'YYTTYY', NULL, NULL, NULL, '78uj4n1nil1e5e6apbi25flf08', NULL, NULL, NULL, NULL, NULL, NULL, NULL, NULL, '2022-12-31', '2022-12-31 00:00:00', '2023-01-01 00:00:00', 'EG1'),
(3680, '5', NULL, '1', NULL, NULL, NULL, '01adlbh3qhd9nqbtgnj40hkraq', NULL, NULL, NULL, NULL, NULL, NULL, NULL, NULL, '2023-01-30', '2023-01-30 00:00:00', '2023-01-31 00:00:00', 'Test2'),
(3681, '5', NULL, '2', NULL, NULL, NULL, '4jsja7il1g7dfaf95ki2nkh5hd', NULL, NULL, NULL, NULL, NULL, NULL, NULL, NULL, '2023-01-30', '2023-01-30 00:00:00', '2023-01-31 00:00:00', 'Test2'),
(3682, '5', NULL, '3', NULL, NULL, NULL, '5l3581semapg6eq5d23in20j17', NULL, NULL, NULL, NULL, NULL, NULL, NULL, NULL, '2023-01-30', '2023-01-30 00:00:00', '2023-01-31 00:00:00', 'Test2'),
(3683, '5', NULL, '4', NULL, NULL, NULL, '5kamdmootnb32l3sa95skjhajm', NULL, NULL, NULL, NULL, NULL, NULL, NULL, NULL, '2023-01-30', '2023-01-30 00:00:00', '2023-01-31 00:00:00', 'Test2'),
(3684, '5', NULL, '5', NULL, NULL, NULL, '633pjetao7ujt3pfp4upbehvg7', NULL, NULL, NULL, NULL, NULL, NULL, NULL, NULL, '2023-01-30', '2023-01-30 00:00:00', '2023-01-31 00:00:00', 'Test2'),
(3685, '5', NULL, '6', NULL, NULL, NULL, '1ane8ip7cjddtfsgjvil9c7rms', NULL, NULL, NULL, NULL, NULL, NULL, NULL, NULL, '2023-01-30', '2023-01-30 00:00:00', '2023-01-31 00:00:00', 'Test2'),
(3686, '5', NULL, 'How long text will be displayed?', NULL, NULL, NULL, '3l9lm0k2lpn2df8858nn09mor2', NULL, NULL, NULL, NULL, NULL, NULL, NULL, NULL, '2023-01-30', '2023-01-30 00:00:00', '2023-01-31 00:00:00', 'Test2'),
(3687, '1', NULL, 'Last Day of Classes (Early Release)', NULL, NULL, NULL, '_8d9lcgrfdpr6asjk64ojac1o6thmcob1chim8d9p6cp62c1j6sqjcopichgjaophcgqg', NULL, NULL, NULL, NULL, NULL, NULL, NULL, NULL, '2024-06-27', '2024-06-27 00:00:00', '2024-06-28 00:00:00', 'Elementary Calendar'),
(3688, '1', NULL, 'Good Friday', NULL, NULL, NULL, '_8d9lcgrfdpr6asjk65i6achh6com8cb3chhjep1k6gom8or56pgj2db4c8o32dj175ig', NULL, NULL, NULL, NULL, NULL, NULL, NULL, NULL, '2024-03-29', '2024-03-29 00:00:00', '2024-03-30 00:00:00', 'Elementary Calendar'),
(3689, '1', NULL, 'Victoria Day', NULL, NULL, NULL, '_8d9lcgrfdpr6asjk65ij4e9kc5j64cb66kojad3664s62pb4coo3cchnc4rmcopl61j0', NULL, NULL, NULL, NULL, NULL, NULL, NULL, NULL, '2024-05-20', '2024-05-20 00:00:00', '2024-05-21 00:00:00', 'Elementary Calendar'),
(3690, '1', NULL, 'PA Day', NULL, NULL, NULL, '_8d9lcgrfdpr6asjk68s62c316lhjacpm65gm2d9lc4o36c326srjephn60p3idhj6hh0', NULL, NULL, NULL, NULL, NULL, NULL, NULL, NULL, '2023-10-20', '2023-10-20 00:00:00', '2023-10-21 00:00:00', 'Elementary Calendar'),
(3691, '1', NULL, 'PA Day', NULL, NULL, NULL, '_8d9lcgrfdpr6asjk6csmcp1jc8o62cr46gq6ae9kc5ijgpj16ooj0pb364pjcopk6ssg', NULL, NULL, NULL, NULL, NULL, NULL, NULL, NULL, '2024-02-02', '2024-02-02 00:00:00', '2024-02-03 00:00:00', 'Elementary Calendar'),
(3692, '1', NULL, 'Easter Monday', NULL, NULL, NULL, '_8d9lcgrfdpr6asjk6dj32oph61ijepb1cdgjac9nc8r68p9k75i6ac9i6gp66dhn71gg', NULL, NULL, NULL, NULL, NULL, NULL, NULL, NULL, '2024-04-01', '2024-04-01 00:00:00', '2024-04-02 00:00:00', 'Elementary Calendar'),
(3693, '1', NULL, 'PA Day', NULL, NULL, NULL, '_8d9lcgrfdpr6asjk6hhjed1j71hm8cpk6osmcc9k65h32cb56csmceb16crm8d1g6pig', NULL, NULL, NULL, NULL, NULL, NULL, NULL, NULL, '2024-01-19', '2024-01-19 00:00:00', '2024-01-20 00:00:00', 'Elementary Calendar'),
(3694, '1', NULL, 'PA Day', NULL, NULL, NULL, '_8d9lcgrfdpr6asjk6ko62cpn68qm6dr6c5i66c9o75h3gchp75i68c9g71ijgp9n64qg', NULL, NULL, NULL, NULL, NULL, NULL, NULL, NULL, '2024-06-28', '2024-06-28 00:00:00', '2024-06-29 00:00:00', 'Elementary Calendar'),
(3695, '1', NULL, 'Winter Break', NULL, NULL, NULL, '_8d9lcgrfdpr6asjk6kqjcob164r68or474qjic9j68q3ip1mc8s62p1g74qj6dhn6ksg', NULL, NULL, NULL, NULL, NULL, NULL, NULL, NULL, '2023-12-25', '2023-12-25 00:00:00', '2024-01-05 00:00:00', 'Elementary Calendar'),
(3696, '1', NULL, 'PA Day', NULL, NULL, NULL, '_8d9lcgrfdpr6asjk6ooj6d33c9j6adhpccsjadr56dgj0oph6dhjgp1pclhm4c9gcpgg', NULL, NULL, NULL, NULL, NULL, NULL, NULL, NULL, '2024-06-07', '2024-06-07 00:00:00', '2024-06-08 00:00:00', 'Elementary Calendar'),
(3697, '1', NULL, 'Thanksgiving Day', NULL, NULL, NULL, '_8d9lcgrfdpr6asjk6pim2dppc4omaphkc8pjgd9p6som6p1kc8rmaor66gr34c1i69ig', NULL, NULL, NULL, NULL, NULL, NULL, NULL, NULL, '2023-10-09', '2023-10-09 00:00:00', '2023-10-10 00:00:00', 'Elementary Calendar'),
(3698, '1', NULL, 'First Day of Classes', NULL, NULL, NULL, '_8d9lcgrfdpr6asjk74om4dhkc9j6cc9pclhm4ob66grjipho60om8ohk69h36dpkcgpg', NULL, NULL, NULL, NULL, NULL, NULL, NULL, NULL, '2023-09-05', '2023-09-05 00:00:00', '2023-09-06 00:00:00', 'Elementary Calendar');
INSERT INTO `a_test` (`id`, `calendar_id`, `nid`, `title`, `body`, `field_contact`, `field_event`, `field_google_event_uuid`, `field_location`, `field_remote_video_images`, `field_price`, `field_public`, `field_room`, `field_seats_available`, `field_tag`, `field_image_hero`, `field_start_time_date_end_time_d`, `start_date`, `end_date`, `calendar_name`) VALUES
(3699, '1', NULL, 'PA Day', NULL, NULL, NULL, '_8d9lcgrfdpr6asjk74pj8p1n6kqj4p9p6op3ecpg65gj2p1i6di62dpm6kpj0c3561j0', NULL, NULL, NULL, NULL, NULL, NULL, NULL, NULL, '2023-09-22', '2023-09-22 00:00:00', '2023-09-23 00:00:00', 'Elementary Calendar'),
(3700, '1', NULL, 'Labour Day', NULL, NULL, NULL, '_8d9lcgrfdpr6asjkc4o6ceb6ccsjid9gcoqj2cr36spmachh6kr3ae1mc8q6ccb464rg', NULL, NULL, NULL, NULL, NULL, NULL, NULL, NULL, '2023-09-04', '2023-09-04 00:00:00', '2023-09-05 00:00:00', 'Elementary Calendar'),
(3701, '1', NULL, 'PA Day', NULL, NULL, NULL, '_8d9lcgrfdpr6asjkchgjie33cdhjcdpp6ko38phgcor3ec356dijicb3coqjadhi74qg', NULL, NULL, NULL, NULL, NULL, NULL, NULL, NULL, '2023-11-17', '2023-11-17 00:00:00', '2023-11-18 00:00:00', 'Elementary Calendar'),
(3702, '1', NULL, 'Family Day', NULL, NULL, NULL, '_8d9lcgrfdpr6asjkcoo34opm6osj0p326gr66dj370r3ap1i6li34d9lcgpj2ob46dj0', NULL, NULL, NULL, NULL, NULL, NULL, NULL, NULL, '2024-02-19', '2024-02-19 00:00:00', '2024-02-20 00:00:00', 'Elementary Calendar'),
(3703, '1', NULL, 'Mid-Winter Break', NULL, NULL, NULL, '_8d9lcgrfdpr6asjk6co3gc9p6hhjed9h71h3ap1lcosjap1n64rjacb6cop3cp35cpgg', NULL, NULL, NULL, NULL, NULL, NULL, NULL, NULL, '2024-03-11', '2024-03-11 00:00:00', '2024-03-16 00:00:00', 'Elementary Calendar'),
(3704, '2', NULL, 'Good Friday', NULL, NULL, NULL, '_8d9lcgrfdpr6asjk65i6achh6com8cb3chhjep1k6gom8or56pgj2db4c8o32dj175ig', NULL, NULL, NULL, NULL, NULL, NULL, NULL, NULL, '2024-03-29', '2024-03-29 00:00:00', '2024-03-30 00:00:00', 'Secondary School Calendar'),
(3705, '2', NULL, 'Victoria Day', NULL, NULL, NULL, '_8d9lcgrfdpr6asjk65ij4e9kc5j64cb66kojad3664s62pb4coo3cchnc4rmcopl61j0', NULL, NULL, NULL, NULL, NULL, NULL, NULL, NULL, '2024-05-20', '2024-05-20 00:00:00', '2024-05-21 00:00:00', 'Secondary School Calendar'),
(3706, '2', NULL, 'PA Day', NULL, NULL, NULL, '_8d9lcgrfdpr6asjk68s62c316lhjacpm65gm2d9lc4o36c326srjephn60p3idhj6hh0', NULL, NULL, NULL, NULL, NULL, NULL, NULL, NULL, '2023-10-20', '2023-10-20 00:00:00', '2023-10-21 00:00:00', 'Secondary School Calendar'),
(3707, '2', NULL, 'PA Day', NULL, NULL, NULL, '_8d9lcgrfdpr6asjk6csmcp1jc8o62cr46gq6ae9kc5ijgpj16ooj0pb364pjcopk6ssg', NULL, NULL, NULL, NULL, NULL, NULL, NULL, NULL, '2024-02-02', '2024-02-02 00:00:00', '2024-02-03 00:00:00', 'Secondary School Calendar'),
(3708, '2', NULL, 'Easter Monday', NULL, NULL, NULL, '_8d9lcgrfdpr6asjk6dj32oph61ijepb1cdgjac9nc8r68p9k75i6ac9i6gp66dhn71gg', NULL, NULL, NULL, NULL, NULL, NULL, NULL, NULL, '2024-04-01', '2024-04-01 00:00:00', '2024-04-02 00:00:00', 'Secondary School Calendar'),
(3709, '2', NULL, 'PA Day', NULL, NULL, NULL, '_8d9lcgrfdpr6asjk6ko62cpn68qm6dr6c5i66c9o75h3gchp75i68c9g71ijgp9n64qg', NULL, NULL, NULL, NULL, NULL, NULL, NULL, NULL, '2024-06-28', '2024-06-28 00:00:00', '2024-06-29 00:00:00', 'Secondary School Calendar'),
(3710, '2', NULL, 'Winter Break', NULL, NULL, NULL, '_8d9lcgrfdpr6asjk6kqjcob164r68or474qjic9j68q3ip1mc8s62p1g74qj6dhn6ksg', NULL, NULL, NULL, NULL, NULL, NULL, NULL, NULL, '2023-12-25', '2023-12-25 00:00:00', '2024-01-05 00:00:00', 'Secondary School Calendar'),
(3711, '2', NULL, 'Last Day of Classes (Early Release)', NULL, NULL, NULL, '_8d9lcgrfdpr6asjk6ks3gcpi64rj4opi6srjipb56or32cb1cdi6aoj36co6adhi6thg', NULL, NULL, NULL, NULL, NULL, NULL, NULL, NULL, '2024-06-26', '2024-06-26 00:00:00', '2024-06-27 00:00:00', 'Secondary School Calendar'),
(3712, '2', NULL, 'Thanksgiving Day', NULL, NULL, NULL, '_8d9lcgrfdpr6asjk6pim2dppc4omaphkc8pjgd9p6som6p1kc8rmaor66gr34c1i69ig', NULL, NULL, NULL, NULL, NULL, NULL, NULL, NULL, '2023-10-09', '2023-10-09 00:00:00', '2023-10-10 00:00:00', 'Secondary School Calendar'),
(3713, '2', NULL, 'First Day of Classes', NULL, NULL, NULL, '_8d9lcgrfdpr6asjk74om4dhkc9j6cc9pclhm4ob66grjipho60om8ohk69h36dpkcgpg', NULL, NULL, NULL, NULL, NULL, NULL, NULL, NULL, '2023-09-05', '2023-09-05 00:00:00', '2023-09-06 00:00:00', 'Secondary School Calendar'),
(3714, '2', NULL, 'PA Day', NULL, NULL, NULL, '_8d9lcgrfdpr6asjk74pj8p1n6kqj4p9p6op3ecpg65gj2p1i6di62dpm6kpj0c3561j0', NULL, NULL, NULL, NULL, NULL, NULL, NULL, NULL, '2023-09-22', '2023-09-22 00:00:00', '2023-09-23 00:00:00', 'Secondary School Calendar'),
(3715, '2', NULL, 'Labour Day', NULL, NULL, NULL, '_8d9lcgrfdpr6asjkc4o6ceb6ccsjid9gcoqj2cr36spmachh6kr3ae1mc8q6ccb464rg', NULL, NULL, NULL, NULL, NULL, NULL, NULL, NULL, '2023-09-04', '2023-09-04 00:00:00', '2023-09-05 00:00:00', 'Secondary School Calendar'),
(3716, '2', NULL, 'PA Day', NULL, NULL, NULL, '_8d9lcgrfdpr6asjkc9j68d9kcgpjie1l75i3achj6so30e336go3ao9m68sjic326lj0', NULL, NULL, NULL, NULL, NULL, NULL, NULL, NULL, '2024-06-27', '2024-06-27 00:00:00', '2024-06-28 00:00:00', 'Secondary School Calendar'),
(3717, '2', NULL, 'PA Day', NULL, NULL, NULL, '_8d9lcgrfdpr6asjkchgjie33cdhjcdpp6ko38phgcor3ec356dijicb3coqjadhi74qg', NULL, NULL, NULL, NULL, NULL, NULL, NULL, NULL, '2023-11-17', '2023-11-17 00:00:00', '2023-11-18 00:00:00', 'Secondary School Calendar'),
(3718, '2', NULL, 'PA Day', NULL, NULL, NULL, '_8d9lcgrfdpr6asjkckp3ec9j6cq30c3568q68dhlc9i3aob66or64o9p6ss3cphm71ig', NULL, NULL, NULL, NULL, NULL, NULL, NULL, NULL, '2024-05-06', '2024-05-06 00:00:00', '2024-05-07 00:00:00', 'Secondary School Calendar'),
(3719, '2', NULL, 'Family Day', NULL, NULL, NULL, '_8d9lcgrfdpr6asjkcoo34opm6osj0p326gr66dj370r3ap1i6li34d9lcgpj2ob46dj0', NULL, NULL, NULL, NULL, NULL, NULL, NULL, NULL, '2024-02-19', '2024-02-19 00:00:00', '2024-02-20 00:00:00', 'Secondary School Calendar'),
(3720, '2', NULL, 'Mid-Winter Break', NULL, NULL, NULL, '_8d9lcgrfdpr6asjk6co3gc9p6hhjed9h71h3ap1lcosjap1n64rjacb6cop3cp35cpgg', NULL, NULL, NULL, NULL, NULL, NULL, NULL, NULL, '2024-03-11', '2024-03-11 00:00:00', '2024-03-16 00:00:00', 'Secondary School Calendar');

-- --------------------------------------------------------

--
-- Table structure for table `batch`
--

CREATE TABLE `batch` (
  `bid` int(10) UNSIGNED NOT NULL COMMENT 'Primary Key: Unique batch ID.',
  `token` varchar(64) CHARACTER SET ascii NOT NULL COMMENT 'A string token generated against the current user''s session id and the batch id, used to ensure that only the user who submitted the batch can effectively access it.',
  `timestamp` bigint(20) NOT NULL COMMENT 'A Unix timestamp indicating when this batch was submitted for processing. Stale batches are purged at cron time.',
  `batch` longblob COMMENT 'A serialized array containing the processing data for the batch.'
) ENGINE=InnoDB DEFAULT CHARSET=utf8mb4 COMMENT='Stores details about batches (processes that run in…';

--
-- Dumping data for table `batch`
--

INSERT INTO `batch` (`bid`, `token`, `timestamp`, `batch`) VALUES
(1, 'igJpkyZ2d8LuTMCtZD8vTZ7rhEzBrdBlZbNbKMo-HBY', 1715887046, 0x[encoded data, 199832 characters]);

-- --------------------------------------------------------

--
-- Table structure for table `block_content`
--

CREATE TABLE `block_content` (
  `id` int(10) UNSIGNED NOT NULL,
  `revision_id` int(10) UNSIGNED DEFAULT NULL,
  `type` varchar(32) CHARACTER SET ascii NOT NULL COMMENT 'The ID of the target entity.',
  `uuid` varchar(128) CHARACTER SET ascii NOT NULL,
  `langcode` varchar(12) CHARACTER SET ascii NOT NULL
) ENGINE=InnoDB DEFAULT CHARSET=utf8mb4 COMMENT='The base table for block_content entities.';

--
-- Dumping data for table `block_content`
--

INSERT INTO `block_content` (`id`, `revision_id`, `type`, `uuid`, `langcode`) VALUES
(1, 1, 'basic', '1320d335-2942-44c8-b687-54aebda7ad9b', 'en'),
(2, 2, 'basic', '8c9ef179-bfa6-4685-aa94-9193dc0424b5', 'en'),
(3, 3, 'basic', '9bf8377d-0224-43e7-b151-f9add9779511', 'en'),
(4, 4, 'basic', 'ae018d2e-7dba-4b69-9ac8-4344a26a6005', 'en'),
(5, 5, 'basic', '273979a7-5c1d-46cf-8d25-268ce5c1ad3a', 'en'),
(6, 6, 'basic', '6b077939-672a-4825-8378-62dae68dc484', 'en'),
(7, 7, 'basic', 'aeceb5b8-ea91-4a2c-bc27-cb32eedd9e3a', 'en'),
(8, 8, 'contact_us', 'bcc80db3-85d2-4ce1-997a-6ae0142f9223', 'en');

-- --------------------------------------------------------

--
-- Table structure for table `block_content_field_data`
--

CREATE TABLE `block_content_field_data` (
  `id` int(10) UNSIGNED NOT NULL,
  `revision_id` int(10) UNSIGNED NOT NULL,
  `type` varchar(32) CHARACTER SET ascii NOT NULL COMMENT 'The ID of the target entity.',
  `langcode` varchar(12) CHARACTER SET ascii NOT NULL,
  `status` tinyint(4) NOT NULL,
  `info` varchar(255) DEFAULT NULL,
  `changed` int(11) DEFAULT NULL,
  `reusable` tinyint(4) DEFAULT NULL,
  `default_langcode` tinyint(4) NOT NULL,
  `revision_translation_affected` tinyint(4) DEFAULT NULL
) ENGINE=InnoDB DEFAULT CHARSET=utf8mb4 COMMENT='The data table for block_content entities.';

--
-- Dumping data for table `block_content_field_data`
--

INSERT INTO `block_content_field_data` (`id`, `revision_id`, `type`, `langcode`, `status`, `info`, `changed`, `reusable`, `default_langcode`, `revision_translation_affected`) VALUES
(1, 1, 'basic', 'en', 1, 'Test Footer', 1658176087, 1, 1, 1),
(2, 2, 'basic', 'en', 1, 'About the School', 1664881757, 1, 1, 1),
(3, 3, 'basic', 'en', 1, 'Connect with us', 1664882468, 1, 1, 1),
(4, 4, 'basic', 'en', 1, 'Sidebar', 1664883271, 1, 1, 1),
(5, 5, 'basic', 'en', 1, 'Feature Block', 1668618980, 1, 1, 1),
(6, 6, 'basic', 'en', 1, 'Gin block', 1678221560, 1, 1, 1),
(7, 7, 'basic', 'en', 1, 'Modal events', 1675803143, 1, 1, 1),
(8, 8, 'contact_us', 'en', 1, 'unionville', 1677171276, 1, 1, 1);

-- --------------------------------------------------------

--
-- Table structure for table `block_content_field_revision`
--

CREATE TABLE `block_content_field_revision` (
  `id` int(10) UNSIGNED NOT NULL,
  `revision_id` int(10) UNSIGNED NOT NULL,
  `langcode` varchar(12) CHARACTER SET ascii NOT NULL,
  `status` tinyint(4) NOT NULL,
  `info` varchar(255) DEFAULT NULL,
  `changed` int(11) DEFAULT NULL,
  `default_langcode` tinyint(4) NOT NULL,
  `revision_translation_affected` tinyint(4) DEFAULT NULL
) ENGINE=InnoDB DEFAULT CHARSET=utf8mb4 COMMENT='The revision data table for block_content entities.';

--
-- Dumping data for table `block_content_field_revision`
--

INSERT INTO `block_content_field_revision` (`id`, `revision_id`, `langcode`, `status`, `info`, `changed`, `default_langcode`, `revision_translation_affected`) VALUES
(1, 1, 'en', 1, 'Test Footer', 1658176087, 1, 1),
(2, 2, 'en', 1, 'About the School', 1664881757, 1, 1),
(3, 3, 'en', 1, 'Connect with us', 1664882468, 1, 1),
(4, 4, 'en', 1, 'Sidebar', 1664883271, 1, 1),
(5, 5, 'en', 1, 'Feature Block', 1668618980, 1, 1),
(6, 6, 'en', 1, 'Gin block', 1678221560, 1, 1),
(7, 7, 'en', 1, 'Modal events', 1675803143, 1, 1),
(8, 8, 'en', 1, 'unionville', 1677171276, 1, 1);

-- --------------------------------------------------------

--
